{"id":3200,"date":"2023-03-01T20:36:05","date_gmt":"2023-03-01T19:36:05","guid":{"rendered":"https:\/\/socialwatch.bj\/?page_id=3200"},"modified":"2023-03-01T20:38:09","modified_gmt":"2023-03-01T19:38:09","slug":"lignes-directrices-de-lappel-a-propositions-de-micro-projets","status":"publish","type":"page","link":"https:\/\/socialwatch.bj\/?page_id=3200","title":{"rendered":"LIGNES DIRECTRICES DE L&#8217;APPEL A PROPOSITIONS DE MICRO-PROJETS"},"content":{"rendered":"<p>Veuillez t\u00e9l\u00e9charger ci-dessous la documentation:<\/p>\n<table>\n<tbody>\n<tr>\n<td width=\"302\">&nbsp;<\/p>\n<p><strong>Lignes directrices pour le financement en cascade de micro-projets au profit de Tiers<\/strong><\/td>\n<td width=\"302\"><a href=\"https:\/\/socialwatch.bj\/wp-content\/uploads\/2023\/03\/A1.2.2-Lignes_directrices_Financement-Tiers_SWB_PEV.pdf\"><b>T\u00e9l\u00e9charger<\/b><\/a><\/td>\n<\/tr>\n<tr>\n<td width=\"302\">&nbsp;<\/p>\n<p><strong>Formulaire de soumission<\/strong><\/td>\n<td width=\"302\"><a href=\"https:\/\/socialwatch.bj\/wp-content\/uploads\/2023\/03\/A1.2.2-Formulaire-de-soumission_SWB_Micro_PEV_VF-ok.docx\"><b>T\u00e9l\u00e9charger<\/b><\/a><\/td>\n<\/tr>\n<tr>\n<td width=\"302\">&nbsp;<\/p>\n<p><strong>Conditions g\u00e9n\u00e9rales applicables aux contrats de subvention conclus dans le cadre des actions ext\u00e9rieures de l\u2019Union europ\u00e9enne<\/strong><\/td>\n<td width=\"302\"><strong><a href=\"https:\/\/socialwatch.bj\/wp-content\/uploads\/2023\/03\/Annexe-G-Conditions-generales.pdf\">T\u00e9l\u00e9charger<\/a><\/strong><\/td>\n<\/tr>\n<tr>\n<td width=\"302\">&nbsp;<\/p>\n<p><b>Canevas\u00a0Budget du Microprojet<\/b><\/td>\n<td width=\"302\"><strong><a href=\"https:\/\/socialwatch.bj\/wp-content\/uploads\/2023\/03\/Annexe-B-Budget.xlsx\">T\u00e9l\u00e9charger<\/a><\/strong><\/td>\n<\/tr>\n<\/tbody>\n<\/table>\n<p>&nbsp;<\/p>\n","protected":false},"excerpt":{"rendered":"<p>Veuillez t\u00e9l\u00e9charger ci-dessous la documentation: &nbsp; Lignes directrices pour le financement en cascade de micro-projets au profit de Tiers T\u00e9l\u00e9charger &nbsp; Formulaire de soumission T\u00e9l\u00e9charger &nbsp; Conditions g\u00e9n\u00e9rales applicables aux contrats de subvention conclus dans le cadre des actions ext\u00e9rieures de l\u2019Union europ\u00e9enne T\u00e9l\u00e9charger &nbsp; Canevas\u00a0Budget du Microprojet T\u00e9l\u00e9charger &nbsp;<\/p>\n","protected":false},"author":1,"featured_media":0,"parent":0,"menu_order":0,"comment_status":"closed","ping_status":"closed","template":"","meta":{"amp_status":"","footnotes":""},"class_list":["post-3200","page","type-page","status-publish"],"_links":{"self":[{"href":"https:\/\/socialwatch.bj\/index.php?rest_route=\/wp\/v2\/pages\/3200","targetHints":{"allow":["GET"]}}],"collection":[{"href":"https:\/\/socialwatch.bj\/index.php?rest_route=\/wp\/v2\/pages"}],"about":[{"href":"https:\/\/socialwatch.bj\/index.php?rest_route=\/wp\/v2\/types\/page"}],"author":[{"embeddable":true,"href":"https:\/\/socialwatch.bj\/index.php?rest_route=\/wp\/v2\/users\/1"}],"replies":[{"embeddable":true,"href":"https:\/\/socialwatch.bj\/index.php?rest_route=%2Fwp%2Fv2%2Fcomments&post=3200"}],"version-history":[{"count":3,"href":"https:\/\/socialwatch.bj\/index.php?rest_route=\/wp\/v2\/pages\/3200\/revisions"}],"predecessor-version":[{"id":3207,"href":"https:\/\/socialwatch.bj\/index.php?rest_route=\/wp\/v2\/pages\/3200\/revisions\/3207"}],"wp:attachment":[{"href":"https:\/\/socialwatch.bj\/index.php?rest_route=%2Fwp%2Fv2%2Fmedia&parent=3200"}],"curies":[{"name":"wp","href":"https:\/\/api.w.org\/{rel}","templated":true}]}}

<p>Veuillez télécharger ci-dessous la documentation:</p>
<table>
<tbody>
<tr>
<td width="302">&nbsp;</p>
<p><strong>Lignes directrices pour le financement en cascade de micro-projets au profit de Tiers</strong></td>
<td width="302"><a href="https://socialwatch.bj/wp-content/uploads/2023/03/A1.2.2-Lignes_directrices_Financement-Tiers_SWB_PEV.pdf"><b>Télécharger</b></a></td>
</tr>
<tr>
<td width="302">&nbsp;</p>
<p><strong>Formulaire de soumission</strong></td>
<td width="302"><a href="https://socialwatch.bj/wp-content/uploads/2023/03/A1.2.2-Formulaire-de-soumission_SWB_Micro_PEV_VF-ok.docx"><b>Télécharger</b></a></td>
</tr>
<tr>
<td width="302">&nbsp;</p>
<p><strong>Conditions générales applicables aux contrats de subvention conclus dans le cadre des actions extérieures de l’Union européenne</strong></td>
<td width="302"><strong><a href="https://socialwatch.bj/wp-content/uploads/2023/03/Annexe-G-Conditions-generales.pdf">Télécharger</a></strong></td>
</tr>
<tr>
<td width="302">&nbsp;</p>
<p><b>Canevas Budget du Microprojet</b></td>
<td width="302"><strong><a href="https://socialwatch.bj/wp-content/uploads/2023/03/Annexe-B-Budget.xlsx">Télécharger</a></strong></td>
</tr>
</tbody>
</table>
<p>&nbsp;</p>

<p>Veuillez télécharger ci-dessous la documentation: &nbsp; Lignes directrices pour le financement en cascade de micro-projets au profit de Tiers Télécharger &nbsp; Formulaire de soumission Télécharger &nbsp; Conditions générales applicables aux contrats de subvention conclus dans le cadre des actions extérieures de l’Union européenne Télécharger &nbsp; Canevas Budget du Microprojet Télécharger &nbsp;</p>
